d by 50?
46
Calculate the remainder when 781 is divided by 56.
53
What is the remainder when 975 is divided by 160?
15
Calculate the remainder when 12238 is divided by 45.
43
Calculate the remainder when 40 is divided by 14.
12
What is the remainder when 628 is divided by 90?
88
What is the remainder when 1467 is divided by 14?
11
What is the remainder when 64 is divided by 14?
8
What is the remainder when 244 is divided by 67?
43
Calculate the remainder when 1215 is divided by 32.
31
Calculate the remainder when 1909 is divided by 49.
47
What is the remainder when 47 is divided by 13?
8
Calculate the remainder when 2361 is divided by 13.
8
What is the remainder when 913 is divided by 61?
59
What is the remainder when 116 is divided by 30?
26
What is the remainder when 62 is divided by 17?
11
What is the remainder when 1004 is divided by 49?
24
Calculate the remainder when 1401 is divided by 26.
23
What is the remainder when 998 is divided by 329?
11
What is the remainder when 709 is divided by 119?
114
What is the remainder when 739 is divided by 570?
169
What is the remainder when 894 is divided by 56?
54
What is the remainder when 125 is divided by 53?
19
Calculate the remainder when 201 is divided by 34.
31
Calculate the remainder when 203 is divided by 97.
9
What is the remainder when 744 is divided by 3?
0
Calculate the remainder when 376 is divided by 4.
0
Calculate the remainder when 3057 is divided by 61.
7
Calculate the remainder when 35 is divided by 7.
0
Calculate the remainder when 249 is divided by 63.
60
Calculate the remainder when 1448 is divided by 71.
28
Calculate the remainder when 2075 is divided by 96.
59
What is the remainder when 1043 is divided by 48?
35
Calculate the remainder when 792 is divided by 50.
42
What is the remainder when 153 is divided by 14?
13
What is the remainder when 1140 is divided by 165?
150
Calculate the remainder when 687 is divided by 19.
3
Calculate the remainder when 544 is divided by 91.
89
What is the remainder when 273 is divided by 14?
7
Calculate the remainder when 152 is divided by 20.
12
What is the remainder when 1341 is divided by 15?
6
What is the remainder when 100 is divided by 37?
26
What is the remainder when 343 is divided by 87?
82
Calculate the remainder when 1506 is divided by 84.
78
Calculate the remainder when 388 is divided by 49.
45
What is the remainder when 193 is divided by 67?
59
Calculate the remainder when 198 is divided by 67.
64
Calculate the remainder when 98 is divided by 76.
22
What is the remainder when 1218 is divided by 53?
52
Calculate the remainder when 388 is divided by 181.
26
What is the remainder when 14399 is divided by 225?
224
Calculate the remainder when 129 is divided by 20.
9
Calculate the remainder when 4574 is divided by 104.
102
Calculate the remainder when 464 is divided by 93.
92
What is the remainder when 249 is divided by 10?
9
Calculate the remainder when 4077 is divided by 102.
99
Calculate the remainder when 380 is divided by 121.
17
Calculate the remainder when 2383 is divided by 23.
14
What is the remainder when 94 is divided by 26?
16
Calculate the remainder when 130 is divided by 10.
0
Calculate the remainder when 9858 is divided by 19.
16
Calculate the remainder when 235 is divided by 227.
8
What is the remainder when 211 is divided by 27?
22
What is the remainder when 834 is divided by 10?
4
Calculate the remainder when 2498 is divided by 21.
20
What is the remainder when 393 is divided by 194?
5
What is the remainder when 369 is divided by 53?
51
Calculate the remainder when 223 is divided by 23.
16
What is the remainder when 7307 is divided by 12?
11
What is the remainder when 36 is divided by 16?
4
What is the remainder when 169 is divided by 34?
33
What is the remainder when 467 is divided by 257?
210
Calculate the remainder when 268 is divided by 64.
12
What is the remainder when 454 is divided by 47?
31
What is the remainder when 248 is divided by 6?
2
Calculate the remainder when 2010 is divided by 48.
42
Calculate the remainder when 1154 is divided by 17.
15
What is the remainder when 174 is divided by 56?
6
Calculate the remainder when 464 is divided by 26.
22
Calculate the remainder when 2375 is divided by 44.
43
What is the remainder when 93 is divided by 14?
9
Calculate the remainder when 2198 is divided by 30.
8
What is the remainder when 23 is divided by 21?
2
Calculate the remainder when 496 is divided by 37.
15
What is the remainder when 2541 is divided by 182?
175
Calculate the remainder when 257 is divided by 252.
5
Calculate the remainder when 425 is divided by 71.
70
What is the remainder when 1164 is divided by 383?
15
Calculate the remainder when 17009 is divided by 105.
104
Calculate the remainder when 92 is divided by 30.
2
Calculate the remainder when 609 is divided by 590.
19
What is the remainder when 491 is divided by 12?
11
What is the remainder when 726 is divided by 148?
134
Calculate the remainder when 2866 is divided by 61.
60
What is the remainder when 171 is divided by 32?
11
Calculate the remainder when 46 is divided by 16.
14
What is the remainder when 274 is divided by 12?
10
What is the remainder when 1870 is divided by 78?
76
What is the remainder when 742 is divided by 731?
11
What is the remainder when 65 is divided by 33?
32
Calculate the remainder when 10511 is divided by 14.
11
Calculate the remainder when 181 is divided by 6.
1
Calculate the remainder when 170 is divided by 3.
2
What is the remainder when 208 is divided by 54?
46
Calculate the remainder when 298 is divided by 107.
84
Calculate the remainder when 2644 is divided by 27.
25
What is the remainder when 1131 is divided by 304?
219
What is the remainder when 134 is divided by 23?
19
What is the remainder when 901 is divided by 22?
21
What is the remainder when 802 is divided by 53?
7
Calculate the remainder when 2231 is divided by 202.
9
What is the remainder when 331 is divided by 48?
43
What is the remainder when 1682 is divided by 26?
18
Calculate the remainder when 97 is divided by 29.
10
Calculate the remainder when 551 is divided by 23.
22
Calculate the remainder when 149 is divided by 5.
4
What is the remainder when 326 is divided by 56?
46
What is the remainder when 41 is divided by 21?
20
What is the remainder when 477 is divided by 97?
89
What is the remainder when 118 is divided by 33?
19
Calculate the remainder when 1596 is divided by 43.
5
What is the remainder when 2627 is divided by 31?
23
Calculate the remainder when 37 is divided by 32.
5
Calculate the remainder when 16132 is divided by 35.
32
Calculate the remainder when 98 is divided by 76.
22
Calculate the remainder when 290 is divided by 9.
2
Calculate the remainder when 2697 is divided by 150.
147
Calculate the remainder when 102 is divided by 31.
9
Calculate the remainder when 214 is divided by 24.
22
Calculate the remainder when 1324 is divided by 8.
4
Calculate the remainder when 108 is divided by 80.
28
Calculate the remainder when 436 is divided by 63.
58
What is the remainder when 1453 is divided by 14?
11
Calculate the remainder when 2250 is divided by 14.
10
Calculate the remainder when 639 is divided by 40.
39
Calculate the remainder when 513 is divided by 51.
3
Calculate the remainder when 8528 is divided by 237.
233
Calculate the remainder when 20 is divided by 7.
6
What is the remainder when 14 is divided by 4?
2
What is the remainder when 717 is divided by 90?
87
Calculate the remainder when 437 is divided by 152.
133
Calculate the remainder when 183 is divided by 23.
22
What is the remainder when 310 is divided by 49?
16
Calculate the remainder when 1699 is divided by 37.
34
Calculate the remainder when 1441 is divided by 244.
221
What is the remainder when 283 is divided by 46?
7
Calculate the remainder when 143 is divided by 48.
47
What is the remainder when 130 is divided by 64?
2
What is the remainder when 74 is divided by 66?
8
Calculate the remainder when 1045 is divided by 8.
5
What is the remainder when 472 is divided by 441?
31
Calculate the remainder when 84 is divided by 23.
15
What is the remainder when 297 is divided by 23?
21
What is the remainder when 215 is divided by 61?
32
Calculate the remainder when 832 is divided b